[INFO] cloning repository https://github.com/schumannd/game_of_dust
[INFO] running `Command { std: "git" "-c" "credential.helper=" "-c" "credential.helper=/workspace/cargo-home/bin/git-credential-null" "clone" "--bare" "https://github.com/schumannd/game_of_dust" "/workspace/cache/git-repos/https%3A%2F%2Fgithub.com%2Fschumannd%2Fgame_of_dust", kill_on_drop: false }`
[INFO] [stderr] Cloning into bare repository '/workspace/cache/git-repos/https%3A%2F%2Fgithub.com%2Fschumannd%2Fgame_of_dust'...
[INFO] running `Command { std: "git" "rev-parse" "HEAD", kill_on_drop: false }`
[INFO] [stdout] ade552bae48682b5d95c9a0f68a4a0abd5bc90e3
[INFO] checking schumannd/game_of_dust against master#cfbc6d4cf1acbac5c025acf8ed68929caa551df3 for pr-75494-beta
[INFO] running `Command { std: "git" "clone" "/workspace/cache/git-repos/https%3A%2F%2Fgithub.com%2Fschumannd%2Fgame_of_dust" "/workspace/builds/worker-5/source", kill_on_drop: false }`
[INFO] [stderr] Cloning into '/workspace/builds/worker-5/source'...
[INFO] [stderr] done.
[INFO] validating manifest of git repo https://github.com/schumannd/game_of_dust on toolchain cfbc6d4cf1acbac5c025acf8ed68929caa551df3
[INFO] running `Command { std: "/workspace/cargo-home/bin/cargo" "+cfbc6d4cf1acbac5c025acf8ed68929caa551df3" "read-manifest" "--manifest-path" "Cargo.toml", kill_on_drop: false }`
[INFO] started tweaking git repo https://github.com/schumannd/game_of_dust
[INFO] finished tweaking git repo https://github.com/schumannd/game_of_dust
[INFO] tweaked toml for git repo https://github.com/schumannd/game_of_dust written to /workspace/builds/worker-5/source/Cargo.toml
[INFO] crate git repo https://github.com/schumannd/game_of_dust already has a lockfile, it will not be regenerated
[INFO] running `Command { std: "/workspace/cargo-home/bin/cargo" "+cfbc6d4cf1acbac5c025acf8ed68929caa551df3" "fetch" "--locked" "--manifest-path" "Cargo.toml", kill_on_drop: false }`
[INFO] [stderr]     Blocking waiting for file lock on package cache
[INFO] [stderr] error: the lock file /workspace/builds/worker-5/source/Cargo.lock needs to be updated but --locked was passed to prevent this
[INFO] [stderr] If you want to try to generate the lock file without accessing the network, use the --offline flag.
[INFO] the lockfile is outdated, regenerating it
[INFO] running `Command { std: "/workspace/cargo-home/bin/cargo" "+cfbc6d4cf1acbac5c025acf8ed68929caa551df3" "generate-lockfile" "--manifest-path" "Cargo.toml" "-Zno-index-update", kill_on_drop: false }`
[INFO] [stderr]     Blocking waiting for file lock on package cache
[INFO] running `Command { std: "/workspace/cargo-home/bin/cargo" "+cfbc6d4cf1acbac5c025acf8ed68929caa551df3" "fetch" "--locked" "--manifest-path" "Cargo.toml", kill_on_drop: false }`
[INFO] running `Command { std: "docker" "create" "-v" "/var/lib/crater-agent-workspace/builds/worker-5/target:/opt/rustwide/target:rw,Z" "-v" "/var/lib/crater-agent-workspace/builds/worker-5/source:/opt/rustwide/workdir:ro,Z" "-v" "/var/lib/crater-agent-workspace/cargo-home:/opt/rustwide/cargo-home:ro,Z" "-v" "/var/lib/crater-agent-workspace/rustup-home:/opt/rustwide/rustup-home:ro,Z" "-e" "SOURCE_DIR=/opt/rustwide/workdir" "-e" "CARGO_TARGET_DIR=/opt/rustwide/target" "-e" "CARGO_HOME=/opt/rustwide/cargo-home" "-e" "RUSTUP_HOME=/opt/rustwide/rustup-home" "-w" "/opt/rustwide/workdir" "-m" "1610612736" "--user" "0:0" "--network" "none" "rustops/crates-build-env@sha256:a636fd89d022f18117e1dc8fb37a0a009933cdbbe082814857f0e2024962d47c" "/opt/rustwide/cargo-home/bin/cargo" "+cfbc6d4cf1acbac5c025acf8ed68929caa551df3" "metadata" "--no-deps" "--format-version=1", kill_on_drop: false }`
[INFO] [stdout] bea002f097c8c307b5667c3e3a4fb3e0b9308ef72664391f909b82b7624c64b3
[INFO] [stderr] WARNING: Your kernel does not support swap limit capabilities or the cgroup is not mounted. Memory limited without swap.
[INFO] running `Command { std: "docker" "start" "-a" "bea002f097c8c307b5667c3e3a4fb3e0b9308ef72664391f909b82b7624c64b3", kill_on_drop: false }`
[INFO] running `Command { std: "docker" "inspect" "bea002f097c8c307b5667c3e3a4fb3e0b9308ef72664391f909b82b7624c64b3", kill_on_drop: false }`
[INFO] running `Command { std: "docker" "rm" "-f" "bea002f097c8c307b5667c3e3a4fb3e0b9308ef72664391f909b82b7624c64b3", kill_on_drop: false }`
[INFO] [stdout] bea002f097c8c307b5667c3e3a4fb3e0b9308ef72664391f909b82b7624c64b3
[INFO] running `Command { std: "docker" "create" "-v" "/var/lib/crater-agent-workspace/builds/worker-5/target:/opt/rustwide/target:rw,Z" "-v" "/var/lib/crater-agent-workspace/builds/worker-5/source:/opt/rustwide/workdir:ro,Z" "-v" "/var/lib/crater-agent-workspace/cargo-home:/opt/rustwide/cargo-home:ro,Z" "-v" "/var/lib/crater-agent-workspace/rustup-home:/opt/rustwide/rustup-home:ro,Z" "-e" "SOURCE_DIR=/opt/rustwide/workdir" "-e" "CARGO_TARGET_DIR=/opt/rustwide/target" "-e" "CARGO_INCREMENTAL=0" "-e" "RUST_BACKTRACE=full" "-e" "RUSTFLAGS=--cap-lints=forbid" "-e" "CARGO_HOME=/opt/rustwide/cargo-home" "-e" "RUSTUP_HOME=/opt/rustwide/rustup-home" "-w" "/opt/rustwide/workdir" "-m" "1610612736" "--user" "0:0" "--network" "none" "rustops/crates-build-env@sha256:a636fd89d022f18117e1dc8fb37a0a009933cdbbe082814857f0e2024962d47c" "/opt/rustwide/cargo-home/bin/cargo" "+cfbc6d4cf1acbac5c025acf8ed68929caa551df3" "check" "--frozen" "--all" "--all-targets" "--message-format=json", kill_on_drop: false }`
[INFO] [stdout] ca2e60c6b6b30c0237c88719124418b389b43824c54e0bd624adef76b07520c9
[INFO] [stderr] WARNING: Your kernel does not support swap limit capabilities or the cgroup is not mounted. Memory limited without swap.
[INFO] running `Command { std: "docker" "start" "-a" "ca2e60c6b6b30c0237c88719124418b389b43824c54e0bd624adef76b07520c9", kill_on_drop: false }`
[INFO] [stderr]     Blocking waiting for file lock on package cache
[INFO] [stderr]    Compiling libloading v0.6.2
[INFO] [stderr]    Compiling byteorder v1.3.4
[INFO] [stderr]     Checking slab v0.4.2
[INFO] [stderr]     Checking downcast-rs v1.2.0
[INFO] [stderr]     Checking same-file v1.0.6
[INFO] [stderr]     Checking xdg v2.2.0
[INFO] [stderr]    Compiling cc v1.0.59
[INFO] [stderr]     Checking xml-rs v0.8.3
[INFO] [stderr]     Checking scopeguard v1.1.0
[INFO] [stderr]    Compiling getrandom v0.1.14
[INFO] [stderr]     Checking smallvec v1.4.2
[INFO] [stderr]     Checking percent-encoding v2.1.0
[INFO] [stderr]     Checking instant v0.1.6
[INFO] [stderr]     Checking rustc-demangle v0.1.16
[INFO] [stderr]     Checking takeable-option v0.5.0
[INFO] [stderr]    Compiling libc v0.2.76
[INFO] [stderr]    Compiling khronos_api v3.1.0
[INFO] [stderr]    Compiling memoffset v0.5.5
[INFO] [stderr]    Compiling x11-dl v2.18.5
[INFO] [stderr]    Compiling log v0.4.11
[INFO] [stderr]     Checking lock_api v0.3.4
[INFO] [stderr]     Checking walkdir v2.3.1
[INFO] [stderr]     Checking approx v0.3.2
[INFO] [stderr]     Checking ordered-float v1.1.0
[INFO] [stderr]     Checking line_drawing v0.7.0
[INFO] [stderr]    Compiling wayland-scanner v0.23.6
[INFO] [stderr]    Compiling gl_generator v0.14.0
[INFO] [stderr]     Checking dlib v0.4.2
[INFO] [stderr]     Checking wayland-sys v0.23.6
[INFO] [stderr]     Checking iovec v0.1.4
[INFO] [stderr]     Checking net2 v0.2.34
[INFO] [stderr]     Checking nix v0.14.1
[INFO] [stderr]     Checking memmap v0.7.0
[INFO] [stderr]     Checking parking_lot_core v0.7.2
[INFO] [stderr]     Checking raw-window-handle v0.3.3
[INFO] [stderr]     Checking shared_library v0.1.9
[INFO] [stderr]     Checking backtrace v0.3.50
[INFO] [stderr]     Checking stb_truetype v0.3.1
[INFO] [stderr]     Checking osmesa-sys v0.1.2
[INFO] [stderr]     Checking rand_core v0.5.1
[INFO] [stderr]     Checking mio v0.6.22
[INFO] [stderr]     Checking parking_lot v0.10.2
[INFO] [stderr]    Compiling libloading v0.5.2
[INFO] [stderr]     Checking rand_chacha v0.2.2
[INFO] [stderr]     Checking rusttype v0.8.3
[INFO] [stderr]     Checking rand v0.7.3
[INFO] [stderr]    Compiling glutin_egl_sys v0.1.5
[INFO] [stderr]    Compiling glutin_glx_sys v0.1.7
[INFO] [stderr]    Compiling glium v0.27.0
[INFO] [stderr]     Checking rusttype v0.7.9
[INFO] [stderr]     Checking mio-extras v2.0.6
[INFO] [stderr]     Checking andrew v0.2.1
[INFO] [stderr]    Compiling wayland-client v0.23.6
[INFO] [stderr]    Compiling wayland-protocols v0.23.6
[INFO] [stderr]     Checking wayland-commons v0.23.6
[INFO] [stderr]     Checking calloop v0.4.4
[INFO] [stderr]     Checking smithay-client-toolkit v0.6.6
[INFO] [stderr]     Checking winit v0.22.2
[INFO] [stderr]     Checking glutin v0.24.1
[INFO] [stderr]     Checking game_of_dust v0.1.0 (/opt/rustwide/workdir)
[INFO] [stdout] error[E0432]: unresolved import `glium::DisplayBuild`
[INFO] [stdout]  --> src/main.rs:9:13
[INFO] [stdout]   |
[INFO] [stdout] 9 | use glium::{DisplayBuild, Surface};
[INFO] [stdout]   |             ^^^^^^^^^^^^ no `DisplayBuild` in the root
[INFO] [stdout] 
[INFO] [stdout] 
[INFO] [stdout] error[E0432]: unresolved import `glium::DisplayBuild`
[INFO] [stdout]  --> src/main.rs:9:13
[INFO] [stdout]   |
[INFO] [stdout] 9 | use glium::{DisplayBuild, Surface};
[INFO] [stdout]   |             ^^^^^^^^^^^^ no `DisplayBuild` in the root
[INFO] [stdout] 
[INFO] [stdout] 
[INFO] [stdout] error[E0433]: failed to resolve: could not find `Event` in `glutin`
[INFO] [stdout]    --> src/main.rs:139:32
[INFO] [stdout]     |
[INFO] [stdout] 139 |                 glium::glutin::Event::Closed => return,
[INFO] [stdout]     |                                ^^^^^ could not find `Event` in `glutin`
[INFO] [stdout] 
[INFO] [stdout] 
[INFO] [stdout] error[E0433]: failed to resolve: could not find `WindowBuilder` in `glutin`
[INFO] [stdout]   --> src/main.rs:81:34
[INFO] [stdout]    |
[INFO] [stdout] 81 |     let display = glium::glutin::WindowBuilder::new().with_dimensions(1024, 768).build_glium().unwrap();
[INFO] [stdout]    |                                  ^^^^^^^^^^^^^ not found in `glium::glutin`
[INFO] [stdout]    |
[INFO] [stdout] help: consider importing this struct
[INFO] [stdout]    |
[INFO] [stdout] 5  | use glium::glutin::window::WindowBuilder;
[INFO] [stdout]    |
[INFO] [stdout] 
[INFO] [stdout] 
[INFO] [stdout] error[E0433]: failed to resolve: could not find `Event` in `glutin`
[INFO] [stdout]    --> src/main.rs:139:32
[INFO] [stdout]     |
[INFO] [stdout] 139 |                 glium::glutin::Event::Closed => return,
[INFO] [stdout]     |                                ^^^^^ could not find `Event` in `glutin`
[INFO] [stdout] 
[INFO] [stdout] 
[INFO] [stdout] error[E0433]: failed to resolve: could not find `WindowBuilder` in `glutin`
[INFO] [stdout]   --> src/main.rs:81:34
[INFO] [stdout]    |
[INFO] [stdout] 81 |     let display = glium::glutin::WindowBuilder::new().with_dimensions(1024, 768).build_glium().unwrap();
[INFO] [stdout]    |                                  ^^^^^^^^^^^^^ not found in `glium::glutin`
[INFO] [stdout]    |
[INFO] [stdout] help: consider importing this struct
[INFO] [stdout]    |
[INFO] [stdout] 5  | use glium::glutin::window::WindowBuilder;
[INFO] [stdout]    |
[INFO] [stdout] 
[INFO] [stdout] 
[INFO] [stdout] warning: unused import: `Surface`
[INFO] [stdout]  --> src/main.rs:9:27
[INFO] [stdout]   |
[INFO] [stdout] 9 | use glium::{DisplayBuild, Surface};
[INFO] [stdout]   |                           ^^^^^^^
[INFO] [stdout]   |
[INFO] [stdout]   = note: `#[warn(unused_imports)]` on by default
[INFO] [stdout] 
[INFO] [stdout] 
[INFO] [stdout] error: aborting due to 3 previous errors; 1 warning emitted
[INFO] [stdout] 
[INFO] [stdout] 
[INFO] [stdout] Some errors have detailed explanations: E0432, E0433.
[INFO] [stdout] 
[INFO] [stdout] For more information about an error, try `rustc --explain E0432`.
[INFO] [stdout] 
[INFO] [stderr] error: could not compile `game_of_dust`.
[INFO] [stderr] 
[INFO] [stderr] To learn more, run the command again with --verbose.
[INFO] [stderr] warning: build failed, waiting for other jobs to finish...
[INFO] [stdout] warning: unused import: `Surface`
[INFO] [stdout]  --> src/main.rs:9:27
[INFO] [stdout]   |
[INFO] [stdout] 9 | use glium::{DisplayBuild, Surface};
[INFO] [stdout]   |                           ^^^^^^^
[INFO] [stdout]   |
[INFO] [stdout]   = note: `#[warn(unused_imports)]` on by default
[INFO] [stdout] 
[INFO] [stdout] 
[INFO] [stdout] error: aborting due to 3 previous errors; 1 warning emitted
[INFO] [stdout] 
[INFO] [stdout] 
[INFO] [stdout] Some errors have detailed explanations: E0432, E0433.
[INFO] [stdout] 
[INFO] [stdout] For more information about an error, try `rustc --explain E0432`.
[INFO] [stdout] 
[INFO] [stderr] error: build failed
[INFO] running `Command { std: "docker" "inspect" "ca2e60c6b6b30c0237c88719124418b389b43824c54e0bd624adef76b07520c9", kill_on_drop: false }`
[INFO] running `Command { std: "docker" "rm" "-f" "ca2e60c6b6b30c0237c88719124418b389b43824c54e0bd624adef76b07520c9", kill_on_drop: false }`
[INFO] [stdout] ca2e60c6b6b30c0237c88719124418b389b43824c54e0bd624adef76b07520c9
